c + 4, -4*w = -5*c + 21. Let k(x) = c*x**2 + x**3 + 0*x**3 - 3*x**2 + 5*x**2 + 7*x. Determine k(-5).
15
Let q(n) = n**2 - n + 1. Let k(y) = -4*y**2 - 4*y + 4. Let d(m) = -k(m) - 5*q(m). Let g be d(8). Let t(l) = 4*l**3 - 5*l**3 - l + 1 + 3*l. Determine t(g).
0
Let l(f) = -9*f - 9. Let k(a) = 4*a + 4. Let m(g) = 5*k(g) + 2*l(g). Let y = 95 + -98. Calculate m(y).
-4
Let q(c) = 3 + 1 - 3 - c**2. Suppose 2*d - 6 = -0. Suppose -5*i - 4*r - 2 = 0, 0 = d*i - r + 5*r - 2. What is q(i)?
-3
Let p(n) = -n**3 - n**2 + 2*n + 2. Let l be p(-2). Let w be (-10)/(-15) + l/(-3). Let g(a) = -5*a - 3*a + w*a. Determine g(1).
-8
Let s(u) = u**3 - 5*u**2 + 6*u - 6. Let n be 24/(-9)*3/(-2). Let z be (20/6)/(n/6). Suppose -z*x + 18 = -l, -x - 2*l - 6 = -7*l. Calculate s(x).
2
Let i = -4 + 3. Let l = -2 + i. Let s(g) = 4*g**3 - 7*g**2 + 8*g - 4. Let n(m) = 3*m**3 - 6*m**2 + 7*m - 3. Let b(p) = 5*n(p) - 4*s(p). What is b(l)?
1
Let t(l) be the third derivative of -3*l**2 + 0 - 7/6*l**3 + 1/24*l**4 + 0*l. Determine t(5).
-2
Let f(v) = v**2 + 2*v + 4. Let w be f(-3). Suppose w*b - 8 = 3*b. Let n(s) = -6 - 2*s**3 + s**3 + b*s**3 - 5*s**2. What is n(5)?
-6
Let r = 67 - 67. Let k(q) = -4 - q + 0*q + 0*q. What is k(r)?
-4
Let q(f) = -f**3 + 2*f - 1. Let n = -48 - -49. What is q(n)?
0
Let i(w) = -w - 4. Let s be i(-2). Let t be (s + 1)/(3/(-9)). Let o(h) = -h**3 + 4*h**2 - 2*h + 4. Calculate o(t).
7
Let d be (8 + -6 - -1)*(-5)/3. Let x(r) = -2*r + 0 + 4 - r - r**2. Give x(d).
-6
Let g(i) = i - 1. Let c(v) = 2*v - 4. Let x(q) = -3*q + 6. Let y(u) = -7*c(u) - 5*x(u). Let f(d) = g(d) + y(d). Determine f(5).
7
Let o(p) = -7*p - 1. Let m(g) = 2*g**3 - 2*g**2 - 7*g - 1. Let s(f) = -f**3 + 3*f**2 + 6*f + 1. Let c(z) = 2*m(z) + 3*s(z). Let y be c(-4). Calculate o(y).
-8
Let m(p) = p - 2. Let i(f) be the first derivative of f**3/3 - 15*f**2/2 + 20*f - 8. Let r be i(14). Give m(r).
4
Let d(w) = -2*w + 15. Let s be d(9). Let z(o) = -o**3 - 4*o**2 - 2*o. Determine z(s).
-3
Let r(p) = p**3 - p**2 - 2*p - 3. Let g be -1 - -9*1 - 2. Let h(n) = n - 8. Let c be h(g). What is r(c)?
-11
Let u(j) = j + 1. Let w(k) = -8. Let v(q) = -2*u(q) - w(q). What is v(4)?
-2
Suppose 2*v = v - 2*f, 4 = 3*v + 4*f. Suppose 8*n + v = 9*n. Let r(s) = s**3 - 3*s**2 - 6*s + 5. Determine r(n).
-3
Let p be (6/5)/((-2)/(-5)). Let w(h) = h**3 - 3*h**2 + h + 1. Calculate w(p).
4
Let q(z) = 3*z + 2. Let s(p) = -7*p - 3. Let r(h) = 9*q(h) + 4*s(h). Let d = -573 + 579. Calculate r(d).
0
Suppose -2*w - 3 + 2 = a, 3*a = 4*w - 23. Let b(s) = -5 - s - s**w + 3 - 3*s. Suppose 0*p + 5 = -p. Give b(p).
-7
Suppose 5*w = -p + 10, 0*p - 22 = -2*w - 4*p. Let g = -1 + w. Suppose g = 5*s - 0*s - 20. Let f(v) = v**3 - 3*v**2 - 5*v + 3. What is f(s)?
-1
Let w be 5/2*(-98)/(-35). Let t = -8 + w. Let b(q) = -5*q**3 - q. Give b(t).
6
Let x be 2/(-4)*0 + -4. Let s(f) = -16*f**2 + 12*f**2 + 0 - 2 - f**3 - 2*f. Calculate s(x).
6
Suppose -2*n = -4*n + 6. Let k(x) = 4 + 0 + 4*x - 8*x. Determine k(n).
-8
Let r(s) = 3 + s + 0 - 20*s**2 + 5*s**2 + 14*s**2. Calculate r(0).
3
Let x(i) be the third derivative of i**6/120 - i**5/15 + i**4/12 - i**3/2 - 23*i**2 - i. Give x(4).
5
Let j(n) = -4*n - 7. Let r(a) = -a - 2. Let h(p) = -2*j(p) + 9*r(p). Determine h(-5).
1
Let u be ((-2)/(-4))/((-1)/(-60)). Suppose 0 = f + 4*b - u + 5, 0 = -f + 4*b - 15. Let s(o) = -o**3 + 5*o**2 + 2*o - 5. Give s(f).
5
Let n(v) be the first derivative of -v**4/4 - v**3 + v**2 + 1. Let d be (1/1)/(-4*(-8)/(-96)). Let g be n(d). Let t(l) = -l**2 - 5*l - 2. Determine t(g).
-8
Let h(w) = w**2 - 1 - 6*w + 2 - 7. Let a = -13 - -19. Calculate h(a).
-6
Let i(a) = a**3 + 4*a**2 - 5*a - 7. Suppose 50 = -5*k - 5*k. Determine i(k).
-7
Let f(o) = -5*o**2 + 2*o**2 + 0*o**2 + 2*o**2 + o. Let p be 2/3 - (-1)/3. Give f(p).
0
Let a(g) = g. Let s(z) = 2*z**2 - 12*z - 9. Let r be s(7). Determine a(r).
5
Let j(a) = -28*a - 19*a + 45*a - 1 - 3. Calculate j(-5).
6
Let p be -5*1/2*2. Let c = p - -4. Let o(j) = 2*j**2 + j + 6*j**3 - 2*j**3 + 0*j. What is o(c)?
-3
Let y(h) be the first derivative of 9*h + 3 + 2*h**2 + 2*h**3 - 1/4*h**4. Let p(a) = a**3 - 6*a**2 - 5*a - 10. Let c(j) = 4*p(j) + 5*y(j). Give c(6).
5
Let m = 15 - 15. Suppose 1 = c - m. Let q(f) = -15*f**3 - 2*f**2 + 2*f - 1. Determine q(c).
-16
Let w(u) be the third derivative of -u**6/24 - u**5/60 + u**4/12 - u**3/6 + u**2. Let b be (-5)/(-2)*(-20)/(-50). Calculate w(b).
-5
Let k be (-2)/4*0 + -6. Let l(j) = -10 + 2 + 105*j + 1 - 106*j. Determine l(k).
-1
Let z(c) = 2*c + 5. Let l be 6/(3 - 9/2). What is z(l)?
-3
Let v(x) be the first derivative of -x**2 + 4*x + 1. Let n be v(3). Let w(b) = -b**2 - 5*b - 1. Determine w(n).
5
Let v be -1 + -1 + 9 + -5. Suppose 7 = s + v. Let r(c) = 11*c**2 - c + 4. Let u(q) = -5*q**2 - 2. Let y(k) = 6*r(k) + 13*u(k). Determine y(s).
-7
Let s(u) = 3*u**2 - 2*u**2 - 5*u - u. Suppose 2*g - 15 = -3*g. Calculate s(g).
-9
Let w(z) = 1 + 2 + 1 - z - z**2 - 1. Determine w(3).
-9
Let z(n) be the first derivative of -2*n**2 - 5*n - 30. Calculate z(-6).
19
Let m(u) = -4 + 0*u**3 + u**3 - u**2 + 3 + 0. Determine m(0).
-1
Let b(y) = 10*y**3 + 2*y**2 + y. Let p(v) = v - 3 - 1 + 3. Let z be p(0). Determine b(z).
-9
Let i(z) = 3*z + 40. Let g be i(-14). Let l(p) = -2*p**3 - 2*p**2 - 2*p - 2. What is l(g)?
10
Let h = -1 + 3. Suppose -h*b = -5 - 5. Let p(f) be the second derivative of f**4/12 - f**3 - 3*f**2 - f. Determine p(b).
-11
Let g be ((-8)/(-6))/((-1)/(-3)). Suppose 0 = -l + 2 + g. Let j(w) = w**2 - 8*w + 9. Determine j(l).
-3
Let b(f) = -2*f - 2. Suppose 4*m = 2*j, -4*j = -4*m - 5 + 1. Give b(j).
-6
Let l(a) = -a**2 + 10*a - 3. Let o be l(9). Let z = o - 9. Let f(v) = -2*v + 3. Calculate f(z).
9
Let h(i) be the third derivative of i**6/120 + i**5/12 - 5*i**4/24 - i**3/3 + 11*i**2. Give h(-6).
-8
Let l(n) = -2 + n - n**2 - 2*n + 8. Suppose -o = -0*o - 5*h - 18, 2*o + 2*h = 0. Suppose 2*q + o*i - 2*i = -3, 3 = q - i. What is l(q)?
6
Let l = -5 - -9. Let x(n) = -n**2 + 11*n + 9. Let s(w) = 2*w**2 - 23*w - 19. Suppose -39 = c + 2*c. Let f(m) = c*x(m) - 6*s(m). Calculate f(l).
-7
Let w(p) = -p + 12. Let i be (24/7)/4*7. Determine w(i).
6
Suppose -2*d + 25 = 5*i - 5*d, i = 2*d + 12. Suppose -p = -4*g + 7, -3*g + 5*p - 1 = -2. Suppose -5*o - 5*q = 0, o = g*o - q - i. Let f(a) = a. Calculate f(o).
1
Let z(x) be the third derivative of -x**5/60 - x**4/24 + x**2. Calculate z(0).
0
Let o be 16/(-120) - 47/(-15). Let z(b) be the third derivative of 0*b**o - 2*b**2 - 1/120*b**6 - 1/24*b**4 + 0*b + 0 - 1/60*b**5. Give z(-2).
6
Let m = 7 - 5. Let n be m/(-3) + 68/12. Let c(v) = v**2 - 9*v - 7. Let r(p) = -p. Let k(l) = c(l) - 4*r(l). What is k(n)?
-7
Let j = 7 + -5. Let t(q) = -120*q - 65. Let g(i) = -11*i - 6. Let r(u) = -65*g(u) + 6*t(u). What is r(j)?
-10
Let f(v) = v**2 + 15*v + 7. Let s be f(-14). Let r(k) = 7*k**2 - 4*k + 4. Let m(j) = -10*j**2 + 6*j - 6. Let a(c) = s*r(c) - 5*m(c). What is a(3)?
5
Let h(n) be the first derivative of -3/2*n**2 + 1 - 3*n - 1/3*n**3. Let s be h(-2). Let o(x) = -5*x. Determine o(s).
5
Suppose -n - 2*n = -2*s, 18 = 3*n + 4*s. Let m(p) = 3 - 3 + p**2 - 2*p + 2 + p**2. What is m(n)?
6
Let t(g) = -g + 2. Suppose -4*s - 4 = -3*m - 2*m, -4 = m - 2*s. Give t(m).
-2
Let k(f) = 81*f + 1 + 80*f - 165*f. Let q be 1/2*-1*2. Determine k(q).
5
Suppose -2*b = -7*b. Let z(g) = -g**3 + 3*g**2 + 7. Let f(j) = 6*j**3 - 16*j**2 - 36. Let x(p) = 2*f(p) + 11*z(p). What is x(b)?
5
Let w(j) be the second derivative of -j**5/60 - j**4/8 - j**2 + 3*j. Let v(h) be the first derivative of w(h). What is v(-3)?
0
Let h(l) = -l**3 - 2*l**2 + l - 2. Let d be (-6)/(-7)*70/15. Suppose 2*z + z - 30 = 0. Suppose -d*a + 9*a + z = 0. Give h(a).
-4
Let r(t) = 2*t + 1. Let i(j) = 3*j. Let v(o) = -4*i(o) + 3*r(o). Suppose -2*k = -k + 5*a + 3, -3*a + 5 = 4*k. Determine v(k).
-9
Let h(f) = -7*f**2 + 5*f + 8. Let y be (-5)/10*(-27 + 1). Let u(i) = -15*i**2 + 11*i + 17. Let n(p) = y*h(p) - 6*u(p). Calculate n(-2).
0
Let m(o) = -o**3 + 4*o**2 - 2*o - 3. Let w(k) = -k**2 + 10*k - 3. Suppose -6*c = -5*c - 9. Let h be w(c). Let g = -3 + h. Determine m(g).
0
Let t(y) = -2*y**2 + 3*y + 2. Suppose 3*j = -2*j + 20. What is t(j)?
-18
Let u(i) = i**2 - 5*i + 3. Let j be ((-52)/(-117))/((-4)/(-18)). Give u(j).
-3
Let y(b) = 2*b**2 + 7. Let d(n